alculate the remainder when 6067461 is divided by 674161.
12
Calculate the remainder when 207849 is divided by 223.
13
What is the remainder when 6094026 is divided by 1218803?
11
What is the remainder when 159427 is divided by 343?
275
What is the remainder when 359279 is divided by 210?
179
Calculate the remainder when 388940 is divided by 194470.
0
Calculate the remainder when 136216884 is divided by 377.
375
Calculate the remainder when 45350172 is divided by 11337539.
16
Calculate the remainder when 32482103 is divided by 57.
26
Calculate the remainder when 134442 is divided by 10049.
3805
What is the remainder when 20282 is divided by 192?
122
Calculate the remainder when 2435406 is divided by 2569.
2563
What is the remainder when 2157498 is divided by 193?
144
What is the remainder when 117210 is divided by 113994?
3216
Calculate the remainder when 33950 is divided by 33897.
53
Calculate the remainder when 102904 is divided by 9313.
461
Calculate the remainder when 40609325 is divided by 148.
49
What is the remainder when 77644 is divided by 481?
203
Calculate the remainder when 210554583 is divided by 2903.
2896
Calculate the remainder when 482051 is divided by 16.
3
Calculate the remainder when 519704 is divided by 5307.
4925
What is the remainder when 1151991 is divided by 4780?
11
What is the remainder when 481121 is divided by 1125?
746
Calculate the remainder when 2695878 is divided by 1965.
1863
What is the remainder when 10014636 is divided by 49?
16
Calculate the remainder when 90550722 is divided by 4527536.
2
What is the remainder when 2871 is divided by 2843?
28
Calculate the remainder when 1263628 is divided by 4343.
4158
Calculate the remainder when 158365668 is divided by 13197138.
12
Calculate the remainder when 25392957 is divided by 646.
635
What is the remainder when 26127297 is divided by 30?
27
Calculate the remainder when 9341420 is divided by 3442.
3274
Calculate the remainder when 3710190 is divided by 134.
132
What is the remainder when 20202365 is divided by 797?
9
What is the remainder when 12063 is divided by 6986?
5077
Calculate the remainder when 2000564 is divided by 7757.
7015
Calculate the remainder when 911727 is divided by 908627.
3100
Calculate the remainder when 78001 is divided by 3378.
307
Calculate the remainder when 4630152 is divided by 80.
72
Calculate the remainder when 578923 is divided by 1708.
1619
What is the remainder when 867119 is divided by 29?
19
Calculate the remainder when 28890 is divided by 1654.
772
What is the remainder when 2753785 is divided by 151?
149
What is the remainder when 314883 is divided by 313595?
1288
What is the remainder when 3701132 is divided by 45691?
161
Calculate the remainder when 1893553 is divided by 31559.
13
What is the remainder when 130285 is divided by 579?
10
Calculate the remainder when 1111714 is divided by 277923.
22
What is the remainder when 6944932 is divided by 20?
12
What is the remainder when 2529210 is divided by 1368?
1146
What is the remainder when 2451764 is divided by 15713?
536
Calculate the remainder when 289763 is divided by 195.
188
Calculate the remainder when 25268183 is divided by 8422726.
5
What is the remainder when 21684625 is divided by 152?
1
What is the remainder when 985 is divided by 958?
27
What is the remainder when 13863604 is divided by 1028?
1024
Calculate the remainder when 1894791357 is divided by 73.
72
What is the remainder when 79641845 is divided by 559?
556
Calculate the remainder when 368811 is divided by 26322.
303
Calculate the remainder when 4904676 is divided by 13.
10
What is the remainder when 297223 is divided by 1047?
922
Calculate the remainder when 185610044 is divided by 34.
32
What is the remainder when 113769 is divided by 113716?
53
Calculate the remainder when 53124 is divided by 25991.
1142
Calculate the remainder when 1519506 is divided by 796.
738
What is the remainder when 1635260 is divided by 1088?
1084
Calculate the remainder when 239667 is divided by 317.
15
Calculate the remainder when 7940256 is divided by 1073.
56
Calculate the remainder when 116780 is divided by 116775.
5
What is the remainder when 231952 is divided by 25741?
283
What is the remainder when 4678360 is divided by 368?
344
What is the remainder when 11665767 is divided by 69?
6
Calculate the remainder when 182405 is divided by 559.
171
Calculate the remainder when 20469 is divided by 17860.
2609
What is the remainder when 2023099 is divided by 2056?
2051
What is the remainder when 25132656 is divided by 14?
10
What is the remainder when 4563517 is divided by 6946?
6941
What is the remainder when 228856118 is divided by 85?
78
Calculate the remainder when 263930 is divided by 184.
74
Calculate the remainder when 73839 is divided by 9.
3
What is the remainder when 20443 is divided by 19898?
545
What is the remainder when 24800684 is divided by 370?
324
Calculate the remainder when 6551052 is divided by 2183661.
69
What is the remainder when 491820 is divided by 572?
472
What is the remainder when 3984543 is divided by 599?
594
What is the remainder when 2074752 is divided by 9515?
482
What is the remainder when 12486182 is divided by 9?
5
What is the remainder when 696362 is divided by 389?
52
Calculate the remainder when 86949 is divided by 12158.
1843
What is the remainder when 361676 is divided by 51640?
196
Calculate the remainder when 6321835 is divided by 52.
39
What is the remainder when 23769 is divided by 769?
699
What is the remainder when 148274 is divided by 148084?
190
Calculate the remainder when 93143 is divided by 12972.
2339
Calculate the remainder when 1419509 is divided by 1584.
245
Calculate the remainder when 2517962 is divided by 2471.
13
Calculate the remainder when 152591 is divided by 50417.
1340
What is the remainder when 380265279 is divided by 62?
59
What is the remainder when 20150 is divided by 678?
488
What is the remainder when 155566 is divided by 508?
118
Calculate the remainder when 1025621 is divided by 146516.
9
Calculate the remainder when 22516972 is divided by 152.
148
What is the remainder when 480796 is divided by 4622?
108
What is the remainder when 3326260 is divided by 313?
9
Calculate the remainder when 1541513 is divided by 140131.
72
What is the remainder when 431191 is divided by 8291?
59
Calculate the remainder when 1125279 is divided by 354.
267
Calculate the remainder when 348362 is divided by 75.
62
What is the remainder when 9118 is divided by 2193?
346
Calculate the remainder when 204022 is divided by 154.
126
What is the remainder when 4120699 is divided by 39622?
11
What is the remainder when 7236521 is divided by 242?
237
Calculate the remainder when 499181341 is divided by 22.
21
What is the remainder when 74426049 is divided by 358?
355
What is the remainder when 1038903 is divided by 302?
23
What is the remainder when 10968562 is divided by 6311?
44
Calculate the remainder when 9823130 is divided by 166.
80
Calculate the remainder when 2485921 is divided by 533.
9
Calculate the remainder when 4451325 is divided by 2944.
2941
What is the remainder when 100459 is divided by 5283?
82
What is the remainder when 16503 is divided by 5416?
255
What is the remainder when 1332729 is divided by 2432?
2425
What is the remainder when 3410607 is divided by 378949?
66
Calculate the remainder when 37161 is divided by 888.
753
Calculate the remainder when 773026 is divided by 390.
46
What is the remainder when 224413 is divided by 224354?
59
What is the remainder when 7332322 is divided by 7332246?
76
What is the remainder when 87576 is divided by 514?
196
What is the remainder when 88928802 is divided by 292?
202
Calculate the remainder when 1559029 is divided by 21067.
71
Calculate the remainder when 54024071 is divided by 1936.
1927
What is the remainder when 359503 is divided by 2031?
16
What is the remainder when 7813727 is divided by 2572?
2563
What is the remainder when 59404 is divided by 5305?
1049
What is the remainder when 10196850 is divided by 199938?
12
What is the remainder when 224814 is divided by 552?
150
What is the remainder when 34495 is divided by 3901?
3287
Calculate the remainder when 1249701 is divided by 18.
15
Calculate the remainder when 78618